*s. Let x(h) = -7*h + 5*h**2 + h + 5*h. Give x(t).
6
Let b(m) = m**2 - 2*m - 7. Let f = 8 - 3. Let g be b(f). Suppose 0 = -g*z + 2*z + 24. Let s(r) = 3*r - 3. Give s(z).
9
Let x be 5 + -6 + (0 - 0). Let j(r) = -r**2 + r + 12. Let q(s) = 12*s**2 - 5*s - 59. Let a(v) = 5*j(v) + q(v). Determine a(x).
8
Let c be (-70)/(-15) - (-20)/15. Suppose p - 12 = -c. Let q(v) = -v**3 + 6*v**2 + 8. Determine q(p).
8
Let m(r) = r**3 + 6*r**2 - 4*r + 6. Let a(q) = -2*q**3 - 6*q**2 + 4*q - 7. Let k(n) = -2*a(n) - 3*m(n). Calculate k(4).
-20
Let b(o) = -7*o**3 + 17*o**2 - 22*o + 4. Let x(i) = -4*i**3 + 8*i**2 - 11*i + 2. Let r(g) = 3*b(g) - 5*x(g). Determine r(10).
-8
Let n be (-50)/(-8) - 3/12. Let g = n + -4. Let w(h) = 2*h - 3. Let f(x) = -x + 2. Let l(u) = -4*f(u) - 3*w(u). What is l(g)?
-3
Let b(k) be the first derivative of -7*k + 1/3*k**3 + 5/2*k**2 - 11. Calculate b(-5).
-7
Let f(p) = -p**2 - 7*p - 9. Suppose 35 = 299*y - 306*y. Determine f(y).
1
Let i(p) = 5*p**2 - 2*p + 4. Let a be i(-4). Let n = -91 + a. Let g(w) = 3*w**2 + w. What is g(n)?
4
Let y be (-2)/(-3) - (-92)/(-12). Let c be y*(2/(-1) - -1). Let r(x) = -x + c*x - 2 - 2*x - 2*x. What is r(4)?
6
Suppose 33 = 2*s + 37. Suppose -69 = 4*m + j, 2*m + 2*j + 42 = -0*m. Let w be m/(-3) - s/(-6). Let z(n) = -n. What is z(w)?
-5
Let l(s) = -s**3 + 10*s**2 - 9*s - 3. Let b be l(9). Let t(o) = -4*o**2 - 6*o - 6. What is t(b)?
-24
Let y(v) = 9*v**3 + 10*v**2 + 7*v + 26. Let j(c) = -7*c**3 - 9*c**2 - 4*c - 25. Let f(h) = -4*j(h) - 3*y(h). What is f(-7)?
8
Let c(d) = -d + 1. Suppose 0 = -2*b + 4*b - 58. Let v = b + -32. Give c(v).
4
Let i(o) = -o**3 + 5. Suppose -4*k = 4*k - 80. Let g be 2/(-3) - k/(-15). What is i(g)?
5
Let o(f) = -2*f**2 + 2*f + 2. Let v(r) = 4*r - 2. Let d be v(1). Suppose 4*j + 18 = -d*p, -4*j = -2*j - p - 1. Calculate o(j).
-10
Let j(n) = -5*n + 23*n - 2 - 9*n - 7*n. Give j(1).
0
Suppose 0 = 2*w - 3*w + 18. Let o be 196/(-24) + 2 - (-3)/w. Let i(b) = b + 7. Determine i(o).
1
Suppose -11*x = -15*x. Let k = 0 + 2. Suppose x = -k*b - 0*b. Let u(i) = -i**3 + i**2 + i - 1. What is u(b)?
-1
Suppose 52*n - 827 = 5. Let f(c) = c**2 - 17*c + 2. Determine f(n).
-14
Suppose 2*j + 6 = 5*j. Let c(y) = y**2 - 3 + 6*y - 5 + j. What is c(-7)?
1
Let u = -38 - -42. Let v(z) = z**3 - 3*z**2 + z - 4. Give v(u).
16
Suppose -2*f = -3*g - 13, -4*g - 2 = 5*f - 0*g. Suppose 5*c - c = -f*x + 36, -5*c = 4*x - 51. Let n(v) = -v**2 + v + 3 + v - v - c*v. Give n(-4).
11
Let w(u) be the second derivative of -u**5/20 + u**4/4 - u**3/3 + u**2 - 2*u + 58. Let v be (0 - 22/4)*-2. Let x = v - 8. What is w(x)?
-4
Let q(n) = n**2 - 23*n + 6. Suppose 3*u = -6, -2*c + 56 = -5*u - 0*u. What is q(c)?
6
Let f(k) = 3*k**2 + 4*k + 2. Suppose 0 = -2*q + 6*q - 6*q. Let d be (-6)/(-21) + 23/(-7) - q. What is f(d)?
17
Let n(w) = 65*w - 16*w - 30*w + 5*w**2 + 19 - 3*w**2 + 0*w**2. Determine n(-8).
-5
Let l(c) = -33*c - 9. Let q(p) = 7*p + 2. Let m(h) = 2*l(h) + 9*q(h). Let f be (10/(-3))/(4/(-6)). Suppose -5*n = -f*b, -2*n + b + 2 = -0*b. What is m(n)?
-6
Let z(m) = -m**3 + 13*m**2 - 2*m + 24. Suppose -5*b - 152 = -217. Give z(b).
-2
Let c(m) = m**2 - m + 1. Let a(i) = i**2 + 14*i - 27. Let s be a(-16). Suppose -s*h + 2*h + 3 = -3*f, -3 = -5*h + 3*f. What is c(h)?
1
Let i(q) = -4*q + 10*q - 7*q - 1. Let d(v) = v**2 - v + 1. Let g be d(2). Determine i(g).
-4
Let g(q) = q**2 - q + 1. Let t = 33 + -36. Let r(y) = -2*y**2 + 8*y - 2. Let h(j) = t*g(j) - r(j). Give h(-4).
3
Let y = 68 + -57. Suppose -y*j = -6*j. Let x(g) = g + 1. Calculate x(j).
1
Let c be 2*(-2)/(-2*2). Let b(d) be the first derivative of 25*d**3/3 + d - 1326. What is b(c)?
26
Let k = -151 + 154. Suppose -t + 2*f = 4*f, 24 = 5*t - 2*f. Let x(p) = -t*p**3 + 2 - 3*p**3 + 7*p**k + 3*p - p**3 - 2*p**2. What is x(-3)?
2
Let d(a) = 0 - 2 + 0 + 2*a. Let p = 1583 - 1577. Give d(p).
10
Let b(j) = 5*j**2 - 3*j + 8. Let a(q) = 2*q**2 + 2*q + 1. Let g(r) = 2*a(r) - b(r). Suppose -3*w = -4*y + 18, -w + 3 - 19 = -3*y. Calculate g(y).
0
Suppose 3*d + 26 = 4*s, 0 = d - 3*d + 5*s - 29. Let h(f) = f**2 + 1. Calculate h(d).
5
Let y(z) = -z**3 + 5*z**2 + 10. Suppose 3*a = 3*u, a + 3*a - 5*u = -5. Give y(a).
10
Let w(r) = r - 7. Let x be w(11). Suppose s = 4*q - 5, 3*s + q - 3 = 4*q. Let j(c) = c + s*c - 2 - 3*c - x. What is j(-5)?
-11
Let r(g) = -4*g + 12. Suppose 44*q - 209 + 33 = 0. Calculate r(q).
-4
Let t(i) = i**3 - 7*i**2 - 7*i + 4. Suppose -8*s - 686 = -750. What is t(s)?
12
Let w(v) be the second derivative of -13*v**4/12 + v. Let o(r) = -r**2 + 21*r - 17. Let q be o(21). Let m = 16 + q. Give w(m).
-13
Suppose 6*x - x = 35. Let g(d) = d**3 - 7*d**2 - d - 1. Calculate g(x).
-8
Let y(f) be the first derivative of -10 + 1/2*f**2 - 10*f. What is y(8)?
-2
Let h(r) = r**3 + 2. Suppose -2*c = 16 - 40. Suppose -p + i + 10 = -2*i, -c = -4*p + 5*i. What is h(p)?
-6
Let i(u) = u + 7. Suppose 5*s - r = r + 292, s - 2*r = 60. Let d = s - 38. Suppose 3*a + 5*p + 8 = 0, 0 = a + a - 4*p + d. Give i(a).
1
Let t(d) = -5*d**3 - 4*d**2 - d + 3. Let y(k) = k**2. Let i(v) = 6*v**3 + 6*v**2 + v - 4. Let x(g) = i(g) - y(g). Let z(s) = 5*t(s) + 4*x(s). Give z(2).
-11
Let q(j) = -37*j**3 - j**2 + j - 1. Suppose -1 = -4923*k + 4922*k. What is q(k)?
-38
Let l(w) = -5*w**3 - 3*w**2 - 7*w + 1. Let s(t) = 7*t**3 + 4*t**2 + 10*t + 1. Let x(n) = -6*l(n) - 4*s(n). Calculate x(0).
-10
Let f(n) = -4*n**2 - 3*n + 6. Let z(q) = -q**2. Let m(c) = f(c) - 6*z(c). What is m(4)?
26
Let s(b) be the second derivative of -b**5/20 + b**4/6 + 3*b**2/2 + 273*b. Let n(h) = h**2 - 3*h + 3. Let r be n(3). Calculate s(r).
-6
Let v(s) be the first derivative of s**2/2 + 30. Suppose -5*f = o + o + 3, 4*o = 2*f + 6. Let h be 70/(-12) + o/(-6). What is v(h)?
-6
Suppose 3*f + 4*j + 23 - 55 = 0, -2*f = -5*j - 29. Let u(a) = a**3 - 11*a**2 - 11*a - 17. Determine u(f).
-5
Let x(f) = -42*f + 4. Let q be x(0). Let b(k) be the third derivative of k**5/60 - 11*k**4/24 + 5*k**3/6 - 3*k**2. Calculate b(q).
-23
Let p(x) be the first derivative of 5*x**2/2 + 23*x - 3. Let d be (-6 - -40) + -3 - -3*1. Let q(j) = -j - 4. Let r(z) = d*q(z) + 6*p(z). Determine r(2).
-6
Let n(o) = 2*o + 8. Let b = 0 + 5. Suppose -2*a = 3 - b. Let j be a - (-3 + 12 + -2). What is n(j)?
-4
Let n be 1 + (-2)/7 + 4/14. Let v(a) be the first derivative of -a**3/3 + 2*a**2 - a - 1. Let z be v(n). Let t(c) = -8*c + 3. What is t(z)?
-13
Let j(s) = -45 - s**2 + s + 88 - 48. Calculate j(0).
-5
Let r(u) = 39*u - 5. Let i(g) = -8*g + 1. Let l(s) = 4*i(s) + r(s). Determine l(-4).
-29
Suppose f - 34 = -4*f + 4*w, 3*w + 21 = 3*f. Let c(u) be the third derivative of -u**4/24 + 11*u**3/6 + 119*u**2 - 2. Calculate c(f).
5
Let p(d) be the third derivative of -d**5/60 + 7*d**4/24 + d**3/2 - d**2. Let q = -65 + 71. Give p(q).
9
Let a(q) = -243*q + 82*q + 80*q - 10 + 78*q. Calculate a(-4).
2
Let i(q) = -1. Let b(g) = -g - 6. Let l(a) = -b(a) - 3*i(a). Let n be l(-5). Let o(x) = 3*x**2 + 2*x + 1 + x**3 - n*x + 4 - 4. Determine o(-4).
-7
Let y(g) = -10*g**3 - 2*g**2 + 1. Suppose -9 = -5*n + 11. Suppose n*w + 1 = 3*j - 1, 0 = 2*j - 4. Determine y(w).
-11
Let v = -56 - -59. Let a(p) = -12*p**3 + 26*p**3 + v*p**2 + 3*p - 13*p**3. Give a(-2).
-2
Suppose -2*j - 4 = -3*j. Let t(b) = j - b + 3 + 8*b. Let y(d) = 6*d + 6. Let m(z) = -5*t(z) + 6*y(z). Determine m(-4).
-3
Let a be 3/9 + 2/3. Let q(p) be the first derivative of 9*p**4/4 + p**3/3 - p - 296. What is q(a)?
9
Suppose -193*l = -189*l. Let v(y) = y**3 + y**2 + 26. What is v(l)?
26
Let s = -1 - -1. Let h = -37 + 42. Let q(u) = 0 + h*u - 6*u + 6. Give q(s).
6
Let i(u) = u**3 - 12*u**2 + 2*u + 3. Let y be 8/(-6)*216/(-24). Give i(y).
27
Suppose -5 = -4*a + 9*a - 4*v, v = -5*a + 20. Let w(d) = 3*d**2 + 9*d - d + 2 - 4*d + d**a - 2*d**3. Give w(-2).
14
Let y(d) = d - 4. Let l be (-2)/(-10)*1 + (-168)/(-60). Suppose -4*z - 41 = 5*v, -2*v = -6*v - l*z - 32. Calculate y(v).
-9
Let d(n) be the third derivative of -7*n**5/20 - n**4/12 + n**3/6 - 43*n**2 + 1. Give d(1).
-22
Let u(t) = 1 - 6 + 2. Let m = 25 - 28. Let i(j) = -j - 4. Let f(r) = m*i(r) + 4*u(r). Give f(-2).
-6
Let k(w) = -w - 12. Let b = -1034 + 1027. Determine k(b).
-5
Let b(w) be the third derivative of -42*w**2 + 0*w**3 - 1/12*w**4 + 0 + 0*w. Calculate b(-3).
6
Let w(a) = a**3 - 3*a**2 - a